{"id":53942,"date":"2025-12-18T21:15:53","date_gmt":"2025-12-18T21:15:53","guid":{"rendered":"https:\/\/cannrt.ca\/wp-content\/uploads\/Appel-a-candidatures_-Journee-de-la-releve-etudiante-en-recherche-sur-lautisme-et-la-neurodivergence-.png"},"modified":"2025-12-18T21:16:15","modified_gmt":"2025-12-18T21:16:15","slug":"appel-a-candidatures_-journee-de-la-releve-etudiante-en-recherche-sur-lautisme-et-la-neurodivergence-2","status":"inherit","type":"attachment","link":"https:\/\/cannrt.ca\/fr\/appel-a-candidatures-journee-de-la-releve-etudiante-en-recherche-sur-lautisme-et-la-neurodivergence\/appel-a-candidatures_-journee-de-la-releve-etudiante-en-recherche-sur-lautisme-et-la-neurodivergence-2\/","title":{"rendered":"Appel \u00e0 candidatures_ Journ\u00e9e de la rel\u00e8ve \u00e9tudiante en recherche sur l\u2019autisme et la\u202fneurodivergence\u202f"},"author":16,"featured_media":0,"comment_status":"closed","ping_status":"closed","template":"","meta":[],"class_list":["post-53942","attachment","type-attachment","status-inherit","hentry"],"aioseo_notices":[],"description":{"rendered":"<p class=\"attachment\"><a href='https:\/\/cannrt.ca\/wp-content\/uploads\/Appel-a-candidatures_-Journee-de-la-releve-etudiante-en-recherche-sur-lautisme-et-la-neurodivergence-.png'><img fetchpriority=\"high\" decoding=\"async\" width=\"300\" height=\"209\" src=\"https:\/\/cannrt.ca\/wp-content\/uploads\/Appel-a-candidatures_-Journee-de-la-releve-etudiante-en-recherche-sur-lautisme-et-la-neurodivergence--300x209.png\" class=\"attachment-medium size-medium\" alt=\"Appel \u00e0 candidatures_ Journ\u00e9e de la rel\u00e8ve \u00e9tudiante en recherche sur l\u2019autisme et la\u202fneurodivergence\u202f\" srcset=\"https:\/\/cannrt.ca\/wp-content\/uploads\/Appel-a-candidatures_-Journee-de-la-releve-etudiante-en-recherche-sur-lautisme-et-la-neurodivergence--300x209.png 300w, https:\/\/cannrt.ca\/wp-content\/uploads\/Appel-a-candidatures_-Journee-de-la-releve-etudiante-en-recherche-sur-lautisme-et-la-neurodivergence--768x534.png 768w, https:\/\/cannrt.ca\/wp-content\/uploads\/Appel-a-candidatures_-Journee-de-la-releve-etudiante-en-recherche-sur-lautisme-et-la-neurodivergence-.png 1024w\" sizes=\"(max-width: 300px) 100vw, 300px\" \/><\/a><\/p>\n<p>Appel \u00e0 candidatures_ Journ\u00e9e de la rel\u00e8ve \u00e9tudiante en recherche sur l\u2019autisme et la\u202fneurodivergence\u202f<\/p>\n"},"caption":{"rendered":"<p>Appel \u00e0 candidatures_ Journ\u00e9e de la rel\u00e8ve \u00e9tudiante en recherche sur l\u2019autisme et la\u202fneurodivergence\u202f<\/p>\n"},"alt_text":"Appel \u00e0 candidatures_ Journ\u00e9e de la rel\u00e8ve \u00e9tudiante en recherche sur l\u2019autisme et la\u202fneurodivergence\u202f","media_type":"image","mime_type":"image\/png","media_details":{"width":1024,"height":712,"file":"Appel-a-candidatures_-Journee-de-la-releve-etudiante-en-recherche-sur-lautisme-et-la-neurodivergence-.png","filesize":770529,"sizes":{"medium":{"file":"Appel-a-candidatures_-Journee-de-la-releve-etudiante-en-recherche-sur-lautisme-et-la-neurodivergence--300x209.png","width":300,"height":209,"filesize":53206,"mime_type":"image\/png","source_url":"https:\/\/cannrt.ca\/wp-content\/uploads\/Appel-a-candidatures_-Journee-de-la-releve-etudiante-en-recherche-sur-lautisme-et-la-neurodivergence--300x209.png"},"thumbnail":{"file":"Appel-a-candidatures_-Journee-de-la-releve-etudiante-en-recherche-sur-lautisme-et-la-neurodivergence--150x150.png","width":150,"height":150,"filesize":21094,"mime_type":"image\/png","source_url":"https:\/\/cannrt.ca\/wp-content\/uploads\/Appel-a-candidatures_-Journee-de-la-releve-etudiante-en-recherche-sur-lautisme-et-la-neurodivergence--150x150.png"},"medium_large":{"file":"Appel-a-candidatures_-Journee-de-la-releve-etudiante-en-recherche-sur-lautisme-et-la-neurodivergence--768x534.png","width":768,"height":534,"filesize":280622,"mime_type":"image\/png","source_url":"https:\/\/cannrt.ca\/wp-content\/uploads\/Appel-a-candidatures_-Journee-de-la-releve-etudiante-en-recherche-sur-lautisme-et-la-neurodivergence--768x534.png"},"team-thumb":{"file":"Appel-a-candidatures_-Journee-de-la-releve-etudiante-en-recherche-sur-lautisme-et-la-neurodivergence--400x400.png","width":400,"height":400,"filesize":116299,"mime_type":"image\/png","source_url":"https:\/\/cannrt.ca\/wp-content\/uploads\/Appel-a-candidatures_-Journee-de-la-releve-etudiante-en-recherche-sur-lautisme-et-la-neurodivergence--400x400.png"},"full":{"file":"Appel-a-candidatures_-Journee-de-la-releve-etudiante-en-recherche-sur-lautisme-et-la-neurodivergence-.png","width":1024,"height":712,"mime_type":"image\/png","source_url":"https:\/\/cannrt.ca\/wp-content\/uploads\/Appel-a-candidatures_-Journee-de-la-releve-etudiante-en-recherche-sur-lautisme-et-la-neurodivergence-.png"}},"image_meta":{"aperture":"0","credit":"","camera":"","caption":"","created_timestamp":"0","copyright":"","focal_length":"0","iso":"0","shutter_speed":"0","title":"","orientation":"0","keywords":[]}},"post":53947,"source_url":"https:\/\/cannrt.ca\/wp-content\/uploads\/Appel-a-candidatures_-Journee-de-la-releve-etudiante-en-recherche-sur-lautisme-et-la-neurodivergence-.png","_links":{"self":[{"href":"https:\/\/cannrt.ca\/fr\/wp-json\/wp\/v2\/media\/53942","targetHints":{"allow":["GET"]}}],"collection":[{"href":"https:\/\/cannrt.ca\/fr\/wp-json\/wp\/v2\/media"}],"about":[{"href":"https:\/\/cannrt.ca\/fr\/wp-json\/wp\/v2\/types\/attachment"}],"author":[{"embeddable":true,"href":"https:\/\/cannrt.ca\/fr\/wp-json\/wp\/v2\/users\/16"}],"replies":[{"embeddable":true,"href":"https:\/\/cannrt.ca\/fr\/wp-json\/wp\/v2\/comments?post=53942"}],"wp:attached-to":[{"embeddable":true,"post_type":"post","id":53947,"href":"https:\/\/cannrt.ca\/fr\/wp-json\/wp\/v2\/posts\/53947"}],"curies":[{"name":"wp","href":"https:\/\/api.w.org\/{rel}","templated":true}]}}

Appel à candidatures_ Journée de la relève étudiante en recherche sur l’autisme et la neurodivergence

<p class="attachment"><a href='https://cannrt.ca/wp-content/uploads/Appel-a-candidatures_-Journee-de-la-releve-etudiante-en-recherche-sur-lautisme-et-la-neurodivergence-.png'><img fetchpriority="high" decoding="async" width="300" height="209" src="https://cannrt.ca/wp-content/uploads/Appel-a-candidatures_-Journee-de-la-releve-etudiante-en-recherche-sur-lautisme-et-la-neurodivergence--300x209.png" class="attachment-medium size-medium" alt="Appel à candidatures_ Journée de la relève étudiante en recherche sur l’autisme et la neurodivergence " srcset="https://cannrt.ca/wp-content/uploads/Appel-a-candidatures_-Journee-de-la-releve-etudiante-en-recherche-sur-lautisme-et-la-neurodivergence--300x209.png 300w, https://cannrt.ca/wp-content/uploads/Appel-a-candidatures_-Journee-de-la-releve-etudiante-en-recherche-sur-lautisme-et-la-neurodivergence--768x534.png 768w, https://cannrt.ca/wp-content/uploads/Appel-a-candidatures_-Journee-de-la-releve-etudiante-en-recherche-sur-lautisme-et-la-neurodivergence-.png 1024w" sizes="(max-width: 300px) 100vw, 300px" /></a></p>
<p>Appel à candidatures_ Journée de la relève étudiante en recherche sur l’autisme et la neurodivergence </p>

<p>Appel à candidatures_ Journée de la relève étudiante en recherche sur l’autisme et la neurodivergence </p>
